{"version":"1.0","provider_name":"Napf\u00e9ny Poszt","provider_url":"https:\/\/napfenyposzt.cafeblog.hu","author_name":"napf\u00e9nyposzt","author_url":"https:\/\/napfenyposzt.cafeblog.hu\/author\/keresztesi-barbaragmail-com\/","title":"Kinyitott a M\u00e9zeskal\u00e1csv\u00e1ros","html":"<blockquote><em>\u201c- 50 doll\u00e1r. Nem gondolja, hogy ez t\u00fal sok egy j\u00e1t\u00e9k\u00e9rt?<\/em>\r\n<em>- Nos, felh\u00edvn\u00e1m a figyelm\u00e9t arra, hogy ezek itt friss halak.\u00a0<\/em>\r\n<em>- Hm\u2026<\/em>\r\n<em>- Ha olcs\u00f3bbat akar, van halforg\u00f3 ott 17 doll\u00e1r\u00e9rt.\r\nDe azok a halak nem frissek. \u00c9s sok benn\u00fck a koleszterin.\u201d\u00a0<\/em>\r\n<em>MMWE<\/em><\/blockquote>\r\n\u00cdrta: Keresztesi Judit - Nagycsillag rovat - 2012. december 20.\r\n<img src=\"https:\/\/napfenyposzt.cafeblog.hu\/files\/2012\/12\/DSC_62022.jpg\" alt=\"DSC 6202\" width=\"580\" \/>\r\n<em>Street art a Napf\u00e9ny utc\u00e1ban<\/em>\r\n\r\nNem vagyok egy Reuters h\u00edr\u00fcgyn\u00f6ks\u00e9g, az biztos. Vas\u00e1rnap volt a 2012. \u00e9vi M\u00e9zeskal\u00e1csv\u00e1ros \u00e9p\u00edt\u00e9s, az egyik legjelent\u0151sebb m\u0171v\u00e9szeti esem\u00e9ny Wagner Bayreuthi \u00dcnnepi J\u00e1t\u00e9kai \u00f3ta, \u00e9s \u00e9n m\u00e9g cs\u00fct\u00f6rt\u00f6k \u00e9jjel sem vagyok k\u00e9szen a poszttal, ami err\u0151l tud\u00f3s\u00edtana.\r\nSokat gondolkodtam azon, hogy mit \u00edrhatn\u00e9k, ami nem \u00e9rzeleg. A program el\u0151tti n\u00e9gy napon szinte semmit sem aludtunk, mert el voltunk k\u00e9sve az el\u0151k\u00e9sz\u00fcletekkel, ezt a fegyelmezetlens\u00e9get r\u00e9sz\u00fcnkr\u0151l a Comedy Central m\u00e9g b\u00edrn\u00e1, de a Fox m\u00e1r biztosan kidobott volna a produkci\u00f3b\u00f3l. A kialvatlans\u00e1g \u00e9s az \u00f3lomv\u00e9gtagok \u00fcgyetlens\u00e9ge sz\u0171nt meg azzal egy id\u0151ben szinte, hogy az \u00e9p\u00edt\u0151k, akiket vas\u00e1rnapt\u00f3l nyugodtan nevezhet\u00fcnk alkot\u00f3knak, d\u00e9lut\u00e1n kett\u0151kor felt\u0171ntek a s\u00e1tor el\u0151tt.\u00a0<!--more-->\r\n\r\nEl\u0151sz\u00f6r megpr\u00f3b\u00e1ltam t\u00e9nyszer\u0171 tud\u00f3s\u00edt\u00e1st \u00edrni az esem\u00e9nyr\u0151l, megk\u00e9rdeztem Fischert \u00e9s k\u00e9s\u0151bb Barbar\u00e1t is, hogy szerint\u00fck mi t\u00f6rt\u00e9nt ezen a napon, s \u0151k egym\u00e1st\u00f3l f\u00fcggetlen\u00fcl v\u00e1laszolt\u00e1k ugyanazt. L\u00e9tezik nyolcvan csal\u00e1d, akik 2012 kar\u00e1csony\u00e1n szabadidej\u00fcket arra ford\u00edtott\u00e1k, hogy r\u00e9szletekbe men\u0151en kidolgozzanak egy-egy m\u00e9zeskal\u00e1csh\u00e1zat. F\u00e1t, l\u00e9tr\u00e1t, kis sz\u00e1nt, kerekes kutat, mad\u00e1retet\u0151t, az ajt\u00f3kra kopogtat\u00f3t gy\u00fartak, az ablakokb\u00f3l a k\u00fclvil\u00e1gra tekint\u0151 arcokat festettek, s szobraikat egy nagyobb eg\u00e9sz, kicsiny, \u00f6nmag\u00e1ban is t\u00f6k\u00e9letes r\u00e9szek\u00e9nt ott hagyt\u00e1k a t\u00f6bbi ember \u00f6r\u00f6m\u00e9re az utc\u00e1n. Ezt \u0151k mag\u00e1t\u00f3l \u00e9rtet\u0151d\u0151nek tal\u00e1lt\u00e1k, az \u00e9n ir\u00f3ni\u00e1ban otthonos szavaim az effajta tiszta \u00e9lm\u00e9nyek elbesz\u00e9l\u00e9s\u00e9re egyszer\u0171en csak nem alkalmasak.\r\n<img src=\"https:\/\/napfenyposzt.cafeblog.hu\/files\/2012\/12\/fehervaszon2.jpg\" alt=\"fehervaszon\" width=\"580\" \/>\r\n<em>Asztalok, l\u00e1d\u00e1k, letakarva vatelinnel. A \"feh\u00e9r v\u00e1szon\" j\u00e1t\u00e9k kezdete.<\/em><a href=\"https:\/\/www.facebook.com\/media\/set\/?set=a.501825366516075.117472.107030182662264&amp;type=1\" target=\"_blank\"><img src=\"https:\/\/napfenyposzt.cafeblog.hu\/files\/2012\/12\/vendegek_012.jpg\" alt=\"vendegek 01\" width=\"580\" \/>\r\n<\/a><em>D\u00e9lut\u00e1n meg\u00e9rkeztek az alkot\u00f3k.<\/em><a href=\"https:\/\/www.facebook.com\/media\/set\/?set=a.502643876434224.117618.107030182662264&amp;type=1\" target=\"_blank\"><img src=\"https:\/\/napfenyposzt.cafeblog.hu\/files\/2012\/12\/DSC_58822.jpg\" alt=\"DSC 5882\" width=\"580\" \/>\r\n<\/a><em>\u00c9s lassan a feh\u00e9r v\u00e1szon is kisz\u00ednesedett.<\/em>\r\nKezdetben volt a semmi, ami egy \u00fcres s\u00e1trat \u00e9s feh\u00e9r vatelinnel bor\u00edtott asztalokat jelent. Az angolokt\u00f3l vett\u00fck ezt a kor\u00e1nt sem eszes szok\u00e1st, akik fel\u00e1ldozva a p\u00e9nzen v\u00e1s\u00e1rolt programok biztons\u00e1g\u00e9rzet\u00e9t fejlesztett\u00e9k ki a k\u00f6z\u00f6ss\u00e9gi bizalom feh\u00e9rv\u00e1szon j\u00e1t\u00e9kait, mert szerint\u00fck nagyon vicces. A bizalom, az extr\u00e9m sport, nem v\u00e9letlen, hogy a megnyit\u00f3 el\u0151tt k\u00e9t \u00f3r\u00e1val is m\u00e9g azt k\u00e9rdezgett\u00fck egym\u00e1st\u00f3l, hogy ugyan mi okuk lenne az \u00e9p\u00edt\u0151knek a megbesz\u00e9ltek szerint meg\u00e9rkezni? Azt\u00e1n d\u00e9lut\u00e1n kett\u0151kor ezek a rendk\u00edv\u00fcli emberek, egyik a m\u00e1sik ut\u00e1n, a kis h\u00e1zaikkal felt\u0171ntek a s\u00e1torban, am\u00edg nem j\u00f6ttek, addig a k\u00f6rnyezet rideg volt, \u00fcres \u00e9s \u00e9lettelen, s amikor meg meg\u00e9rkeztek, a s\u00e1tor hirtelen Mister Magorium Emporium\u00e1v\u00e1 v\u00e1ltozott, szikr\u00e1z\u00f3 lett, sz\u00ednes, ellen\u00e1llhatatlan.\r\n<img src=\"https:\/\/napfenyposzt.cafeblog.hu\/files\/2012\/12\/DSC_60942.jpg\" alt=\"DSC 6094\" width=\"580\" \/>\r\n<em>A val\u00f3di k\u00e9rd\u00e9s nem az volt, hogy hogyan tegy\u00e9k be az \u00f3ri\u00e1s m\u00e9zeskal\u00e1csot a csomagtart\u00f3ba, hanem az, hogy hogyan hozz\u00e1k ki az el\u0151szobaajt\u00f3n?\r\n<\/em>\r\nA vas\u00e1rnapi \u00e9p\u00edtkez\u00e9s \u00f3ta vannak friss pletyk\u00e1im, legal\u00e1bb ennyi hasznunk sz\u00e1rmazik az \u00edr\u00f3i blokkb\u00f3l. M\u00e9g aznap \u00e9jjel meg\u00e9rkezett a ki\u00e1ll\u00edt\u00e1s k\u00f6z\u00e9ps\u0151 eleme, az 1 n\u00e9gyzetm\u00e9ter alapter\u00fclet\u0171 Iparm\u0171v\u00e9szeti M\u00fazeum. Az alkot\u00f3k, Ren\u00e1ta \u00e9s Ricsi megk\u00fczd\u00f6ttek az \u00e9p\u00fclet\u00e9rt, a m\u00fazeumot saj\u00e1t sablonok alapj\u00e1n, kilencvennyolc elemb\u0151l \u00e1ll\u00edtott\u00e1k \u00f6ssze, a kupol\u00e1kat narancsra \u00e9s m\u00fczlis t\u00e1lra hajtva s\u00fct\u00f6tt\u00e9k, s fest\u00e9skor a Zsolnay ker\u00e1mialapok r\u00e9szleteit is igyekeztek visszaadni. A viszontags\u00e1gok m\u00e9g nem \u00e9rtek v\u00e9get, a jobb sz\u00e1rny alapja a h\u00e9ten megrogyott, de aggodalomra nincs ok, kar\u00e1csonyig lefolynak a restaur\u00e1l\u00e1si munk\u00e1latok. M\u00e9g bele kell j\u00f6nn\u00fcnk a t\u00e9li szabadt\u00e9ri j\u00e1t\u00e9kokba, mert ha valamire, akkor a decemberi plusz t\u00edz fokban zuhog\u00f3 es\u0151re nem sz\u00e1m\u00edtottunk. A nagy p\u00e1ratartalomt\u00f3l a h\u00e9ten megpuhultak a h\u00e1zik\u00f3k falai, egyenk\u00e9nt vitt\u00fck be \u0151ket a sz\u00e1raz leveg\u0151re, a konyha m\u00e9zeskal\u00e1csmenhelly\u00e9 alakult, Barbi kisz\u00e1r\u00edtotta \u00e9s megjav\u00edtotta a m\u0171alkot\u00e1sokat.\r\n<a href=\"https:\/\/www.facebook.com\/media\/set\/?set=a.502609186437693.117613.107030182662264&amp;type=1\" target=\"_blank\"><img src=\"https:\/\/napfenyposzt.cafeblog.hu\/files\/2012\/12\/DSC_63302.jpg\" alt=\"DSC 6330\" width=\"580\" \/>\r\n<\/a><em>Ha k\u00f6zelebb hajolsz, el\u0151t\u0171nnek a szellemes r\u00e9szletek.<\/em><img src=\"https:\/\/napfenyposzt.cafeblog.hu\/files\/2012\/12\/DSC_63362.jpg\" alt=\"DSC 6336\" width=\"580\" \/>\r\n<img src=\"https:\/\/napfenyposzt.cafeblog.hu\/files\/2012\/12\/DSC_63122.jpg\" alt=\"DSC 6312\" width=\"580\" \/>\r\nA ki\u00e1ll\u00edt\u00e1s kar\u00e1csonyig \u00faj, meglepet\u00e9s elemekkel b\u0151v\u00fcl. David Lyncht\u0151l hallottam, hogy ha valaki meglepet\u00e9s programot \u00edg\u00e9r, annak nincsenek k\u00f6rvonalaz\u00f3dott tervei. Milyen igaz. Teh\u00e1t, a (magamat is ide\u00e9rtve) mindenki sz\u00e1m\u00e1ra meglepet\u00e9s m\u00e9zekal\u00e1cs h\u00e1zsor, kar\u00e1csonyra elk\u00e9sz\u00fcl. Addig is, \u00e9s a k\u00e9t \u00fcnnep k\u00f6z\u00f6tt is \u00e9jjel-nappal nyitva \u00e1ll a m\u00e9zeskal\u00e1csv\u00e1ros a k\u00f6z\u00f6ns\u00e9g el\u0151tt. A v\u00e1ros kivil\u00e1g\u00edt\u00e1sa minden nap, d\u00e9lut\u00e1n 4 \u00f3ra k\u00f6r\u00fcl esed\u00e9kes, \u00e9s este 10-11 \u00f3r\u00e1ig biztosan tart.\r\nNagyon boldog \u00fcnnepeket k\u00edv\u00e1nok mindenkinek!\r\n\r\nJudit\r\n\r\n<img src=\"https:\/\/napfenyposzt.cafeblog.hu\/files\/2012\/12\/DSC_60602.jpg\" alt=\"DSC 6060\" width=\"580\" \/>\r\n<em>A d\u00edszletben s\u00e9t\u00e1lhatnak a l\u00e1togat\u00f3k.<\/em><img src=\"https:\/\/napfenyposzt.cafeblog.hu\/files\/2012\/12\/DSC_62212.jpg\" alt=\"DSC 6221\" width=\"580\" \/>\r\n<em>A h\u00e1zak ugyanazon sablon alapj\u00e1n k\u00e9sz\u00fcltek, de nincs k\u00f6z\u00f6tt\u00fck k\u00e9t egyforma.<\/em><img src=\"https:\/\/napfenyposzt.cafeblog.hu\/files\/2012\/12\/DSC_62112.jpg\" alt=\"DSC 6211\" width=\"580\" \/>\r\n<em>Ha az id\u0151j\u00e1r\u00e1s megengedi, a ki\u00e1ll\u00edt\u00e1s \u00e9v v\u00e9g\u00e9ig l\u00e1that\u00f3 a Napf\u00e9ny utc\u00e1ban.<\/em>","type":"rich"}

Napfény Poszt

napfényposzt

Kinyitott a Mézeskalácsváros

<blockquote><em>“- 50 dollár. Nem gondolja, hogy ez túl sok egy játékért?</em>
<em>- Nos, felhívnám a figyelmét arra, hogy ezek itt friss halak. </em>
<em>- Hm…</em>
<em>- Ha olcsóbbat akar, van halforgó ott 17 dollárért.
De azok a halak nem frissek. És sok bennük a koleszterin.” </em>
<em>MMWE</em></blockquote>
Írta: Keresztesi Judit - Nagycsillag rovat - 2012. december 20.
<img src="https://napfenyposzt.cafeblog.hu/files/2012/12/DSC_62022.jpg" alt="DSC 6202" width="580" />
<em>Street art a Napfény utcában</em>

Nem vagyok egy Reuters hírügynökség, az biztos. Vasárnap volt a 2012. évi Mézeskalácsváros építés, az egyik legjelentősebb művészeti esemény Wagner Bayreuthi Ünnepi Játékai óta, és én még csütörtök éjjel sem vagyok készen a poszttal, ami erről tudósítana.
Sokat gondolkodtam azon, hogy mit írhatnék, ami nem érzeleg. A program előtti négy napon szinte semmit sem aludtunk, mert el voltunk késve az előkészületekkel, ezt a fegyelmezetlenséget részünkről a Comedy Central még bírná, de a Fox már biztosan kidobott volna a produkcióból. A kialvatlanság és az ólomvégtagok ügyetlensége szűnt meg azzal egy időben szinte, hogy az építők, akiket vasárnaptól nyugodtan nevezhetünk alkotóknak, délután kettőkor feltűntek a sátor előtt. <!--more-->

Először megpróbáltam tényszerű tudósítást írni az eseményről, megkérdeztem Fischert és később Barbarát is, hogy szerintük mi történt ezen a napon, s ők egymástól függetlenül válaszolták ugyanazt. Létezik nyolcvan család, akik 2012 karácsonyán szabadidejüket arra fordították, hogy részletekbe menően kidolgozzanak egy-egy mézeskalácsházat. Fát, létrát, kis szánt, kerekes kutat, madáretetőt, az ajtókra kopogtatót gyúrtak, az ablakokból a külvilágra tekintő arcokat festettek, s szobraikat egy nagyobb egész, kicsiny, önmagában is tökéletes részeként ott hagyták a többi ember örömére az utcán. Ezt ők magától értetődőnek találták, az én iróniában otthonos szavaim az effajta tiszta élmények elbeszélésére egyszerűen csak nem alkalmasak.
<img src="https://napfenyposzt.cafeblog.hu/files/2012/12/fehervaszon2.jpg" alt="fehervaszon" width="580" />
<em>Asztalok, ládák, letakarva vatelinnel. A "fehér vászon" játék kezdete.</em><a href="https://www.facebook.com/media/set/?set=a.501825366516075.117472.107030182662264&amp;type=1" target="_blank"><img src="https://napfenyposzt.cafeblog.hu/files/2012/12/vendegek_012.jpg" alt="vendegek 01" width="580" />
</a><em>Délután megérkeztek az alkotók.</em><a href="https://www.facebook.com/media/set/?set=a.502643876434224.117618.107030182662264&amp;type=1" target="_blank"><img src="https://napfenyposzt.cafeblog.hu/files/2012/12/DSC_58822.jpg" alt="DSC 5882" width="580" />
</a><em>És lassan a fehér vászon is kiszínesedett.</em>
Kezdetben volt a semmi, ami egy üres sátrat és fehér vatelinnel borított asztalokat jelent. Az angoloktól vettük ezt a koránt sem eszes szokást, akik feláldozva a pénzen vásárolt programok biztonságérzetét fejlesztették ki a közösségi bizalom fehérvászon játékait, mert szerintük nagyon vicces. A bizalom, az extrém sport, nem véletlen, hogy a megnyitó előtt két órával is még azt kérdezgettük egymástól, hogy ugyan mi okuk lenne az építőknek a megbeszéltek szerint megérkezni? Aztán délután kettőkor ezek a rendkívüli emberek, egyik a másik után, a kis házaikkal feltűntek a sátorban, amíg nem jöttek, addig a környezet rideg volt, üres és élettelen, s amikor meg megérkeztek, a sátor hirtelen Mister Magorium Emporiumává változott, szikrázó lett, színes, ellenállhatatlan.
<img src="https://napfenyposzt.cafeblog.hu/files/2012/12/DSC_60942.jpg" alt="DSC 6094" width="580" />
<em>A valódi kérdés nem az volt, hogy hogyan tegyék be az óriás mézeskalácsot a csomagtartóba, hanem az, hogy hogyan hozzák ki az előszobaajtón?
</em>
A vasárnapi építkezés óta vannak friss pletykáim, legalább ennyi hasznunk származik az írói blokkból. Még aznap éjjel megérkezett a kiállítás középső eleme, az 1 négyzetméter alapterületű Iparművészeti Múzeum. Az alkotók, Renáta és Ricsi megküzdöttek az épületért, a múzeumot saját sablonok alapján, kilencvennyolc elemből állították össze, a kupolákat narancsra és müzlis tálra hajtva sütötték, s festéskor a Zsolnay kerámialapok részleteit is igyekeztek visszaadni. A viszontagságok még nem értek véget, a jobb szárny alapja a héten megrogyott, de aggodalomra nincs ok, karácsonyig lefolynak a restaurálási munkálatok. Még bele kell jönnünk a téli szabadtéri játékokba, mert ha valamire, akkor a decemberi plusz tíz fokban zuhogó esőre nem számítottunk. A nagy páratartalomtól a héten megpuhultak a házikók falai, egyenként vittük be őket a száraz levegőre, a konyha mézeskalácsmenhellyé alakult, Barbi kiszárította és megjavította a műalkotásokat.
<a href="https://www.facebook.com/media/set/?set=a.502609186437693.117613.107030182662264&amp;type=1" target="_blank"><img src="https://napfenyposzt.cafeblog.hu/files/2012/12/DSC_63302.jpg" alt="DSC 6330" width="580" />
</a><em>Ha közelebb hajolsz, előtűnnek a szellemes részletek.</em><img src="https://napfenyposzt.cafeblog.hu/files/2012/12/DSC_63362.jpg" alt="DSC 6336" width="580" />
<img src="https://napfenyposzt.cafeblog.hu/files/2012/12/DSC_63122.jpg" alt="DSC 6312" width="580" />
A kiállítás karácsonyig új, meglepetés elemekkel bővül. David Lynchtől hallottam, hogy ha valaki meglepetés programot ígér, annak nincsenek körvonalazódott tervei. Milyen igaz. Tehát, a (magamat is ideértve) mindenki számára meglepetés mézekalács házsor, karácsonyra elkészül. Addig is, és a két ünnep között is éjjel-nappal nyitva áll a mézeskalácsváros a közönség előtt. A város kivilágítása minden nap, délután 4 óra körül esedékes, és este 10-11 óráig biztosan tart.
Nagyon boldog ünnepeket kívánok mindenkinek!

Judit

<img src="https://napfenyposzt.cafeblog.hu/files/2012/12/DSC_60602.jpg" alt="DSC 6060" width="580" />
<em>A díszletben sétálhatnak a látogatók.</em><img src="https://napfenyposzt.cafeblog.hu/files/2012/12/DSC_62212.jpg" alt="DSC 6221" width="580" />
<em>A házak ugyanazon sablon alapján készültek, de nincs közöttük két egyforma.</em><img src="https://napfenyposzt.cafeblog.hu/files/2012/12/DSC_62112.jpg" alt="DSC 6211" width="580" />
<em>Ha az időjárás megengedi, a kiállítás év végéig látható a Napfény utcában.</em>
